{"id":70,"date":"2021-03-08T14:45:10","date_gmt":"2021-03-08T13:45:10","guid":{"rendered":"https:\/\/www.feuerwehr-moossee.ch\/?page_id=70"},"modified":"2023-04-01T12:40:47","modified_gmt":"2023-04-01T10:40:47","slug":"betriebsorganisation","status":"publish","type":"page","link":"https:\/\/www.feuerwehr-moossee.ch\/?page_id=70","title":{"rendered":"Betriebsorganisation"},"content":{"rendered":"\n<p>Die Konzeption der Feuerwehr Region Moossee sieht neben der hauptberuflichen Funktion des \/ der Kommandant*in weitere hauptberufliche Funktionen vor. Gem\u00e4ss aktuellem Planungsstand werden insgesamt 5 \u2013 6 Stellen ben\u00f6tigt, welche sich max. 500 Stellenprozente teilen, damit die anfallenden Aufgaben der Feuerwehr, welche neben dem Einsatz- und \u00dcbungsalltag zu erledigen sind, bew\u00e4ltigt werden k\u00f6nnen (Administration, Planung, Logistik, Pr\u00e4vention, etc.). Die angestellten Tagdienstmitarbeitenden r\u00fccken an Werktagen wie erw\u00e4hnt auch aus und tragen damit wesentlich zur Sicherstellung der Tagesverf\u00fcgbarkeit des zentralen Einsatzelementes bei. Mit den Tagdienstmitarbeitenden kann das Milizkader wirkungsvoll entlastet werden, namentlich in planerischen, administrativen und logistischen Aufgaben, sowie im Bereich der Aus- und Weiterbildung. Die Anstellung der Tagdienstmitarbeitenden erfolgt privatrechtlich, f\u00fcr die Besetzung der Tagdienstmitarbeitenden sowie von definierten Kaderfunktionen der Milizorganisation ist der Verwaltungsrat zust\u00e4ndig. Er erl\u00e4sst dazu auch die entsprechenden Personalbestimmungen (<a href=\"https:\/\/www.feuerwehr-moossee.ch\/wp-content\/uploads\/2023\/04\/Anstaltsverordnung-Feuerwehr-Region-Moossee-gueltig-ab-01.04.23.pdf\" data-type=\"attachment\" data-id=\"1911\">Verordnung zum Reglement Gemeindeunternehmung Feuerwehr Region Moossee<\/a>).<\/p>\n","protected":false},"excerpt":{"rendered":"<p>Die Konzeption der Feuerwehr Region Moossee sieht neben der hauptberuflichen Funktion des \/ der Kommandant*in weitere hauptberufliche Funktionen vor. Gem\u00e4ss aktuellem Planungsstand werden insgesamt 5 \u2013 6 Stellen ben\u00f6tigt, welche sich max. 500 Stellenprozente teilen, damit die anfallenden Aufgaben der Feuerwehr, welche neben dem Einsatz- und \u00dcbungsalltag zu erledigen sind, bew\u00e4ltigt werden k\u00f6nnen (Administration, Planung, &hellip; <\/p>\n<p class=\"link-more\"><a href=\"https:\/\/www.feuerwehr-moossee.ch\/?page_id=70\" class=\"more-link\"><span class=\"screen-reader-text\">&#171;Betriebsorganisation&#187;<\/span> weiterlesen<\/a><\/p>\n","protected":false},"author":1,"featured_media":0,"parent":36,"menu_order":0,"comment_status":"closed","ping_status":"closed","template":"","meta":{"footnotes":""},"class_list":["post-70","page","type-page","status-publish","hentry"],"_links":{"self":[{"href":"https:\/\/www.feuerwehr-moossee.ch\/index.php?rest_route=\/wp\/v2\/pages\/70","targetHints":{"allow":["GET"]}}],"collection":[{"href":"https:\/\/www.feuerwehr-moossee.ch\/index.php?rest_route=\/wp\/v2\/pages"}],"about":[{"href":"https:\/\/www.feuerwehr-moossee.ch\/index.php?rest_route=\/wp\/v2\/types\/page"}],"author":[{"embeddable":true,"href":"https:\/\/www.feuerwehr-moossee.ch\/index.php?rest_route=\/wp\/v2\/users\/1"}],"replies":[{"embeddable":true,"href":"https:\/\/www.feuerwehr-moossee.ch\/index.php?rest_route=%2Fwp%2Fv2%2Fcomments&post=70"}],"version-history":[{"count":11,"href":"https:\/\/www.feuerwehr-moossee.ch\/index.php?rest_route=\/wp\/v2\/pages\/70\/revisions"}],"predecessor-version":[{"id":1912,"href":"https:\/\/www.feuerwehr-moossee.ch\/index.php?rest_route=\/wp\/v2\/pages\/70\/revisions\/1912"}],"up":[{"embeddable":true,"href":"https:\/\/www.feuerwehr-moossee.ch\/index.php?rest_route=\/wp\/v2\/pages\/36"}],"wp:attachment":[{"href":"https:\/\/www.feuerwehr-moossee.ch\/index.php?rest_route=%2Fwp%2Fv2%2Fmedia&parent=70"}],"curies":[{"name":"wp","href":"https:\/\/api.w.org\/{rel}","templated":true}]}}