{"id":547,"date":"2021-12-29T08:57:01","date_gmt":"2021-12-29T07:57:01","guid":{"rendered":"https:\/\/www.feuerwehr-moossee.ch\/?page_id=547"},"modified":"2021-12-29T08:57:01","modified_gmt":"2021-12-29T07:57:01","slug":"fahrzeuge-am-standort-zollikofen","status":"publish","type":"page","link":"https:\/\/www.feuerwehr-moossee.ch\/?page_id=547","title":{"rendered":"Fahrzeuge am Standort Zollikofen"},"content":{"rendered":"\n<p> Weiter Information werden in k\u00fcrze folgen, besten Dank f\u00fcr euer Verst\u00e4ndnis. <\/p>\n","protected":false},"excerpt":{"rendered":"<p>Weiter Information werden in k\u00fcrze folgen, besten Dank f\u00fcr euer Verst\u00e4ndnis.<\/p>\n","protected":false},"author":1,"featured_media":0,"parent":0,"menu_order":0,"comment_status":"closed","ping_status":"closed","template":"","meta":{"footnotes":""},"class_list":["post-547","page","type-page","status-publish","hentry"],"_links":{"self":[{"href":"https:\/\/www.feuerwehr-moossee.ch\/index.php?rest_route=\/wp\/v2\/pages\/547","targetHints":{"allow":["GET"]}}],"collection":[{"href":"https:\/\/www.feuerwehr-moossee.ch\/index.php?rest_route=\/wp\/v2\/pages"}],"about":[{"href":"https:\/\/www.feuerwehr-moossee.ch\/index.php?rest_route=\/wp\/v2\/types\/page"}],"author":[{"embeddable":true,"href":"https:\/\/www.feuerwehr-moossee.ch\/index.php?rest_route=\/wp\/v2\/users\/1"}],"replies":[{"embeddable":true,"href":"https:\/\/www.feuerwehr-moossee.ch\/index.php?rest_route=%2Fwp%2Fv2%2Fcomments&post=547"}],"version-history":[{"count":1,"href":"https:\/\/www.feuerwehr-moossee.ch\/index.php?rest_route=\/wp\/v2\/pages\/547\/revisions"}],"predecessor-version":[{"id":548,"href":"https:\/\/www.feuerwehr-moossee.ch\/index.php?rest_route=\/wp\/v2\/pages\/547\/revisions\/548"}],"wp:attachment":[{"href":"https:\/\/www.feuerwehr-moossee.ch\/index.php?rest_route=%2Fwp%2Fv2%2Fmedia&parent=547"}],"curies":[{"name":"wp","href":"https:\/\/api.w.org\/{rel}","templated":true}]}}