{"id":470,"date":"2021-12-28T15:12:35","date_gmt":"2021-12-28T14:12:35","guid":{"rendered":"https:\/\/www.feuerwehr-moossee.ch\/?page_id=470"},"modified":"2026-01-15T13:34:01","modified_gmt":"2026-01-15T12:34:01","slug":"zentrales-feuerwehrelement-zfe-mbu-muenchenbuchsee","status":"publish","type":"page","link":"https:\/\/www.feuerwehr-moossee.ch\/?page_id=470","title":{"rendered":"Zentrales Feuerwehrelement M\u00fcnchenbuchsee"},"content":{"rendered":"\n<div class=\"wp-block-media-text alignwide is-stacked-on-mobile\" style=\"grid-template-columns:25% auto\"><figure class=\"wp-block-media-text__media\"><img loading=\"lazy\" decoding=\"async\" width=\"538\" height=\"498\" src=\"https:\/\/www.feuerwehr-moossee.ch\/wp-content\/uploads\/2026\/01\/Thomas-Burri.png\" alt=\"\" class=\"wp-image-3772 size-full\" srcset=\"https:\/\/www.feuerwehr-moossee.ch\/wp-content\/uploads\/2026\/01\/Thomas-Burri.png 538w, https:\/\/www.feuerwehr-moossee.ch\/wp-content\/uploads\/2026\/01\/Thomas-Burri-300x278.png 300w\" sizes=\"auto, (max-width: 538px) 100vw, 538px\" \/><\/figure><div class=\"wp-block-media-text__content\">\n<p class=\"has-small-font-size\" style=\"line-height:0\">Zugf\u00fchrer Zentrales Feuerwehrelement M\u00fcnchenbuchsee<\/p>\n\n\n\n<p class=\"has-small-font-size\" style=\"line-height:0\">Thomas Burri<\/p>\n\n\n\n<p class=\"has-small-font-size\" style=\"line-height:0\"><a href=\"mailto:sarburri08@gmail.com\" data-type=\"mailto\">E-Mail<\/a> <\/p>\n<\/div><\/div>\n\n\n\n<div class=\"wp-block-media-text alignwide is-stacked-on-mobile\" style=\"grid-template-columns:25% auto\"><figure class=\"wp-block-media-text__media\"><img loading=\"lazy\" decoding=\"async\" width=\"597\" height=\"511\" src=\"https:\/\/www.feuerwehr-moossee.ch\/wp-content\/uploads\/2026\/01\/Andre-Urwyler.png\" alt=\"\" class=\"wp-image-3771 size-full\" srcset=\"https:\/\/www.feuerwehr-moossee.ch\/wp-content\/uploads\/2026\/01\/Andre-Urwyler.png 597w, https:\/\/www.feuerwehr-moossee.ch\/wp-content\/uploads\/2026\/01\/Andre-Urwyler-300x257.png 300w\" sizes=\"auto, (max-width: 597px) 100vw, 597px\" \/><\/figure><div class=\"wp-block-media-text__content\">\n<p class=\"has-small-font-size\" style=\"line-height:0\">Stv. Zugf\u00fchrer Zentrales Feuerwehrelement M\u00fcnchenbuchsee<\/p>\n\n\n\n<p class=\"has-small-font-size\" style=\"line-height:0\">Andr\u00e9 Urwyler<\/p>\n\n\n\n<p class=\"has-small-font-size\" style=\"line-height:0\"><a href=\"mailto:andre.urwyler@gmail.com\" data-type=\"mailto\" data-id=\"mailto:andre.urwyler@gmail.com\">E-Mail <\/a><\/p>\n<\/div><\/div>\n\n\n\n<p><\/p>\n","protected":false},"excerpt":{"rendered":"<p>Zugf\u00fchrer Zentrales Feuerwehrelement M\u00fcnchenbuchsee Thomas Burri E-Mail Stv. Zugf\u00fchrer Zentrales Feuerwehrelement M\u00fcnchenbuchsee Andr\u00e9 Urwyler E-Mail<\/p>\n","protected":false},"author":1,"featured_media":0,"parent":0,"menu_order":0,"comment_status":"closed","ping_status":"closed","template":"","meta":{"footnotes":""},"class_list":["post-470","page","type-page","status-publish","hentry"],"_links":{"self":[{"href":"https:\/\/www.feuerwehr-moossee.ch\/index.php?rest_route=\/wp\/v2\/pages\/470","targetHints":{"allow":["GET"]}}],"collection":[{"href":"https:\/\/www.feuerwehr-moossee.ch\/index.php?rest_route=\/wp\/v2\/pages"}],"about":[{"href":"https:\/\/www.feuerwehr-moossee.ch\/index.php?rest_route=\/wp\/v2\/types\/page"}],"author":[{"embeddable":true,"href":"https:\/\/www.feuerwehr-moossee.ch\/index.php?rest_route=\/wp\/v2\/users\/1"}],"replies":[{"embeddable":true,"href":"https:\/\/www.feuerwehr-moossee.ch\/index.php?rest_route=%2Fwp%2Fv2%2Fcomments&post=470"}],"version-history":[{"count":13,"href":"https:\/\/www.feuerwehr-moossee.ch\/index.php?rest_route=\/wp\/v2\/pages\/470\/revisions"}],"predecessor-version":[{"id":3775,"href":"https:\/\/www.feuerwehr-moossee.ch\/index.php?rest_route=\/wp\/v2\/pages\/470\/revisions\/3775"}],"wp:attachment":[{"href":"https:\/\/www.feuerwehr-moossee.ch\/index.php?rest_route=%2Fwp%2Fv2%2Fmedia&parent=470"}],"curies":[{"name":"wp","href":"https:\/\/api.w.org\/{rel}","templated":true}]}}

Zentrales Feuerwehrelement Münchenbuchsee

<div class="wp-block-media-text alignwide is-stacked-on-mobile" style="grid-template-columns:25% auto"><figure class="wp-block-media-text__media"><img loading="lazy" decoding="async" width="538" height="498" src="https://www.feuerwehr-moossee.ch/wp-content/uploads/2026/01/Thomas-Burri.png" alt="" class="wp-image-3772 size-full" srcset="https://www.feuerwehr-moossee.ch/wp-content/uploads/2026/01/Thomas-Burri.png 538w, https://www.feuerwehr-moossee.ch/wp-content/uploads/2026/01/Thomas-Burri-300x278.png 300w" sizes="auto, (max-width: 538px) 100vw, 538px" /></figure><div class="wp-block-media-text__content">
<p class="has-small-font-size" style="line-height:0">Zugführer Zentrales Feuerwehrelement Münchenbuchsee</p>



<p class="has-small-font-size" style="line-height:0">Thomas Burri</p>



<p class="has-small-font-size" style="line-height:0"><a href="mailto:sarburri08@gmail.com" data-type="mailto">E-Mail</a> </p>
</div></div>



<div class="wp-block-media-text alignwide is-stacked-on-mobile" style="grid-template-columns:25% auto"><figure class="wp-block-media-text__media"><img loading="lazy" decoding="async" width="597" height="511" src="https://www.feuerwehr-moossee.ch/wp-content/uploads/2026/01/Andre-Urwyler.png" alt="" class="wp-image-3771 size-full" srcset="https://www.feuerwehr-moossee.ch/wp-content/uploads/2026/01/Andre-Urwyler.png 597w, https://www.feuerwehr-moossee.ch/wp-content/uploads/2026/01/Andre-Urwyler-300x257.png 300w" sizes="auto, (max-width: 597px) 100vw, 597px" /></figure><div class="wp-block-media-text__content">
<p class="has-small-font-size" style="line-height:0">Stv. Zugführer Zentrales Feuerwehrelement Münchenbuchsee</p>



<p class="has-small-font-size" style="line-height:0">André Urwyler</p>



<p class="has-small-font-size" style="line-height:0"><a href="mailto:andre.urwyler@gmail.com" data-type="mailto" data-id="mailto:andre.urwyler@gmail.com">E-Mail </a></p>
</div></div>



<p></p>

<p>Zugführer Zentrales Feuerwehrelement Münchenbuchsee Thomas Burri E-Mail Stv. Zugführer Zentrales Feuerwehrelement Münchenbuchsee André Urwyler E-Mail</p>
