{"id":38,"date":"2021-03-07T19:13:23","date_gmt":"2021-03-07T19:13:23","guid":{"rendered":"https:\/\/www.feuerwehr-moossee.ch\/?page_id=38"},"modified":"2021-03-24T14:19:38","modified_gmt":"2021-03-24T13:19:38","slug":"projekt","status":"publish","type":"page","link":"https:\/\/www.feuerwehr-moossee.ch\/?page_id=38","title":{"rendered":"Projekt Interkommunale Zusammenarbeit Feuerwehren"},"content":{"rendered":"\n<h2 class=\"wp-block-heading\">Tagesverf\u00fcgbarkeit<\/h2>\n\n\n\n<p>Die bisher autonomen Feuerwehren der Gemeinden Urtenen-Sch\u00f6nb\u00fchl, Moosseedorf, Zollikofen und M\u00fcnchenbuchsee sehen sich zusehend mit der Herausforderung konfrontiert, dass tags\u00fcber an Werktagen Engp\u00e4sse bei der Verf\u00fcgbarkeit ihrer personellen Einsatzmittel bestehen. Die Feuerwehrangeh\u00f6rigen arbeiten heute oft nicht mehr in der N\u00e4he ihres Wohnorts und \/ oder sind in prozessgebundenen Berufen t\u00e4tig und k\u00f6nnen daher bei einem Alarm nicht zeitverzugslos ins Feuerwehrmagazin oder direkt an die Einsatzstelle ausr\u00fccken.<\/p>\n\n\n\n<h2 class=\"wp-block-heading\">Zeitliche Belastung Milizkader<\/h2>\n\n\n\n<p>Eine weitere Herausforderung, mit welcher sich die Feuerwehren konfrontiert sehen, ist die grosse zeitliche Belastung von Kaderangeh\u00f6rigen der Feuerwehr. Namentlich aufgrund von \u00fcbergeordneten Vorgaben sind die Anforderungen im personellen und materiellen Bereich der Feuerwehr angestiegen. So m\u00fcssen zur Erf\u00fcllung des umfangreichen Einsatzspektrums der Feuerwehr zum Beispiel immer komplexere Einsatzmittel beschafft und bewirtschaftet werden, die Anzahl der erforderlichen \u00dcbungen ist angestiegen und in den Themenfeldern Ausbildung und Arbeitssicherheit sind neue, zus\u00e4tzliche Kompetenzen verlangt. Aber auch im administrativen Bereich ist der Aufwand stark angestiegen, so zum Beispiel f\u00fcr die Erstellung von detaillierten und aussagekr\u00e4ftigen Einsatzrapporten, die Erstellung von Finanzpl\u00e4nen und Budgets, die Ausbildungsplanung, die Qualit\u00e4tssicherung oder die Datenbewirtschaftung auf dem Feuerwehradministrationssystem der GVB. Die zur Erf\u00fcllung der Vorgaben bzw. zur Erledigung der damit verbundenen Aufgaben erforderliche hohe personelle Ressourcenbindung von Feuerwehrkadern bringt das heutige Milizsystem der Feuerwehren an seine Grenzen. Aktuell wird dieser Aufwand von allen vier Feuerwehren in ihrem Zust\u00e4ndigkeitsgebiet selbstst\u00e4ndig bew\u00e4ltigt.<\/p>\n\n\n\n<p><\/p>\n\n\n\n<h2 class=\"wp-block-heading\">Punktuelle Zusammenarbeit<\/h2>\n\n\n\n<p>Die vier eingangs erw\u00e4hnten Feuerwehren arbeiten zwar bereits bisher punktuell zusammen, jedoch existiert keine institutionalisierte interkommunale Zusammenarbeit in der Region, welche einerseits das Problem der Tagesverf\u00fcgbarkeit l\u00f6sen k\u00f6nnte und andererseits die steigende personelle Ressourcenbindung in jeder einzelnen Organisation entsch\u00e4rfen w\u00fcrde.<\/p>\n\n\n\n<h2 class=\"wp-block-heading\">Projekt Interkommunale Zusammenarbeit Feuerwehren<\/h2>\n\n\n\n<p>Die Gemeinden Zollikofen, M\u00fcnchenbuchsee, Urtenen-Sch\u00f6nb\u00fchl und Moosseedorf haben Im Fr\u00fchling 2017 das Projekt \u00abInterkommunale Zusammenarbeit Feuerwehren\u00bb gestartet. Im Rahmen dieses Projektes wurde unter Einbezug der bestehenden Feuerwehren eine umfangreiche Analyse der aktuellen und zuk\u00fcnftigen Herausforderungen der Gemeinden im Bereich Feuerwehr durchgef\u00fchrt. Abgeleitet aus den Erkenntnissen, welche aus der durchgef\u00fchrten Analyse gewonnen werden konnten (problematische Tagesverf\u00fcgbarkeit, steigende Anforderungen, hohe zeitliche Ressourcenbindung der Kaderfunktionen) wurden m\u00f6gliche Modelle f\u00fcr eine interkommunale Zusammenarbeit im Bereich Feuerwehr gepr\u00fcft und bewertet und eine Entwicklungsstrategie f\u00fcr eine regionale Feuerwehr ausgearbeitet. Die Gemeinder\u00e4te von Urtenen-Sch\u00f6nb\u00fchl, Moosseedorf, Zollikofen und M\u00fcnchenbuchsee haben sich aufgrund der Modellbewertung und der Entwicklungsstrategie in der Folge einstimmig f\u00fcr das Kooperationsmodell \u00f6ffentlich-rechtliche Gemeindeunternehmung (sog. Anstalt) ausgesprochen.<\/p>\n\n\n\n<h2 class=\"wp-block-heading\">Deutliche Zustimmung der Stimmbev\u00f6lkerung<\/h2>\n\n\n\n<p>Anfangs 2021 konnte die Stimmbev\u00f6lkerung zu den Vorlagen in den einzelnen Gemeinden Stellung nehmen.<\/p>\n\n\n\n<p>In allen Gemeinden wurden die Vorlagen sehr deutlich angenommen:<\/p>\n\n\n\n<div class=\"wp-block-columns is-layout-flex wp-container-core-columns-is-layout-9d6595d7 wp-block-columns-is-layout-flex\">\n<div class=\"wp-block-column is-layout-flow wp-block-column-is-layout-flow\" style=\"flex-basis:100%\">\n<div class=\"wp-block-group\"><div class=\"wp-block-group__inner-container is-layout-flow wp-block-group-is-layout-flow\">\n<figure class=\"wp-block-table is-style-stripes\"><table><tbody><tr><td><strong>Gemeinde<\/strong><\/td><td><strong>Vorlage<\/strong><\/td><td><strong>Datum<\/strong><\/td><td><strong>Resultat<\/strong><\/td><\/tr><tr><td>Urtenen-Sch\u00f6nb\u00fchl<\/td><td>Reglement Gemeindeunternehmen Feuerwehr<\/td><td>24.01.2021<\/td><td>96.3% Ja<\/td><\/tr><tr><td>Urtenen-Sch\u00f6nb\u00fchl<\/td><td>Aufgaben\u00fcbertragung <\/td><td>24.01.2021<\/td><td>95.6% Ja<\/td><\/tr><tr><td>Moosseedorf<\/td><td>Aufgaben\u00fcbertragung<\/td><td>30.01.2021<\/td><td>97.4% Ja<\/td><\/tr><tr><td>M\u00fcnchenbuchsee<\/td><td>Aufgaben\u00fcbertragung<\/td><td>07.03.2021<\/td><td>95.9% Ja<\/td><\/tr><tr><td>Zollikofen<\/td><td>Aufgaben\u00fcbertragung<\/td><td>07.03.2021<\/td><td>96.2% Ja<\/td><\/tr><\/tbody><\/table><\/figure>\n<\/div><\/div>\n<\/div>\n<\/div>\n","protected":false},"excerpt":{"rendered":"<p>Tagesverf\u00fcgbarkeit Die bisher autonomen Feuerwehren der Gemeinden Urtenen-Sch\u00f6nb\u00fchl, Moosseedorf, Zollikofen und M\u00fcnchenbuchsee sehen sich zusehend mit der Herausforderung konfrontiert, dass tags\u00fcber an Werktagen Engp\u00e4sse bei der Verf\u00fcgbarkeit ihrer personellen Einsatzmittel bestehen. Die Feuerwehrangeh\u00f6rigen arbeiten heute oft nicht mehr in der N\u00e4he ihres Wohnorts und \/ oder sind in prozessgebundenen Berufen t\u00e4tig und k\u00f6nnen daher bei &hellip; <\/p>\n<p class=\"link-more\"><a href=\"https:\/\/www.feuerwehr-moossee.ch\/?page_id=38\" class=\"more-link\"><span class=\"screen-reader-text\">&#171;Projekt Interkommunale Zusammenarbeit Feuerwehren&#187;<\/span> weiterlesen<\/a><\/p>\n","protected":false},"author":1,"featured_media":0,"parent":0,"menu_order":0,"comment_status":"closed","ping_status":"closed","template":"","meta":{"footnotes":""},"class_list":["post-38","page","type-page","status-publish","hentry"],"_links":{"self":[{"href":"https:\/\/www.feuerwehr-moossee.ch\/index.php?rest_route=\/wp\/v2\/pages\/38","targetHints":{"allow":["GET"]}}],"collection":[{"href":"https:\/\/www.feuerwehr-moossee.ch\/index.php?rest_route=\/wp\/v2\/pages"}],"about":[{"href":"https:\/\/www.feuerwehr-moossee.ch\/index.php?rest_route=\/wp\/v2\/types\/page"}],"author":[{"embeddable":true,"href":"https:\/\/www.feuerwehr-moossee.ch\/index.php?rest_route=\/wp\/v2\/users\/1"}],"replies":[{"embeddable":true,"href":"https:\/\/www.feuerwehr-moossee.ch\/index.php?rest_route=%2Fwp%2Fv2%2Fcomments&post=38"}],"version-history":[{"count":5,"href":"https:\/\/www.feuerwehr-moossee.ch\/index.php?rest_route=\/wp\/v2\/pages\/38\/revisions"}],"predecessor-version":[{"id":220,"href":"https:\/\/www.feuerwehr-moossee.ch\/index.php?rest_route=\/wp\/v2\/pages\/38\/revisions\/220"}],"wp:attachment":[{"href":"https:\/\/www.feuerwehr-moossee.ch\/index.php?rest_route=%2Fwp%2Fv2%2Fmedia&parent=38"}],"curies":[{"name":"wp","href":"https:\/\/api.w.org\/{rel}","templated":true}]}}